 + 665165. What is l(50)?
-35
Let d(q) = -45906*q - 45898. Calculate d(-1).
8
Let p(t) = t**3 - 57*t**2 + 222*t + 53. Calculate p(5).
-137
Let l(k) = 18*k**3 + 33*k**2 + 287*k + 555. What is l(-3)?
-495
Let z(i) = 8574*i - 411548. What is z(48)?
4
Let q(w) = 217*w - 2634. Give q(12).
-30
Let r(c) = -727*c**3 - 115*c**2 - 124*c - 8. Calculate r(-1).
728
Let f(u) = 1455632*u - 3. Give f(0).
-3
Let p(u) = 154579*u - 154554. Determine p(1).
25
Let t(p) = 186*p**2 - 3631*p + 55. Calculate t(19).
-1788
Let t(r) = -r**2 - 154*r + 10095. Determine t(49).
148
Let l(d) = -1779*d - 187001. Determine l(-105).
-206
Let t(d) = d**2 - 3425*d + 108608. Calculate t(32).
32
Let l(b) = -b**2 - 523*b - 11002. Determine l(-22).
20
Let d(q) = -q**3 - 94*q**2 + 803*q - 899. Give d(-102).
427
Let h(m) = 400*m - 61260. What is h(153)?
-60
Let g(m) = -1143*m**2 - 13710*m + 27. Give g(-12).
-45
Let p(u) = u**2 - 436*u - 39510. Calculate p(-77).
-9
Let p(w) = -18*w**3 - 3302*w**2 - 1465*w - 205. Give p(-183).
-22
Let p(o) = 1365*o - 33562. Calculate p(27).
3293
Let t(h) = 291*h - 41536. Calculate t(143).
77
Let a(n) = -n**2 - 957*n - 80348. Calculate a(-93).
4
Let f(v) = 49*v + 13020. Determine f(-232).
1652
Let s(v) = 2*v**3 + 63*v**2 - 68*v - 1148. Calculate s(-32).
4
Let n(q) = q**2 + 2625*q + 65061. What is n(-25)?
61
Let a(l) = l**3 + 86*l**2 + 37*l + 3184. Determine a(-86).
2
Let b(k) = 3306*k + 19722. Determine b(-6).
-114
Let z(v) = -v**3 - 306*v**2 - 4099*v - 3257. Determine z(-292).
-45
Let o(q) = 6*q**3 - 375*q**2 + 5*q + 11221. Calculate o(62).
-1
Let g(p) = -3*p**2 - 19311*p + 115929. Give g(6).
-45
Let d(q) = 12*q**3 - q**2 - 96*q - 98. What is d(-1)?
-15
Let i(t) = 6*t**2 - 761*t - 3829. Determine i(-5).
126
Let s(f) = -2*f**3 - 24*f**2 + 11639*f + 93611. Determine s(-8).
-13
Let n(d) = -1474130*d + 19163698. What is n(13)?
8
Let i(t) = t**3 - 376*t**2 + 409*t - 12761. Calculate i(375).
-11
Let v(d) = -103306*d - 309943. Determine v(-3).
-25
Let r(p) = -27222*p - 217767. Determine r(-8).
9
Let p(s) = 6*s**2 - 6115*s - 60711. Give p(1029).
0
Let z(o) = o**3 - 41*o**2 - 3828*o - 44890. Calculate z(-15).
-70
Let b(j) = -18366*j**2 + 55110*j + 22. Calculate b(3).
58
Let a(i) = 139*i - 42019. What is a(302)?
-41
Let t(f) = -f**3 + 146*f**2 - 441*f - 5140. What is t(143)?
-6856
Let n(f) = -124028*f + 744173. Determine n(6).
5
Let d(m) = 4012*m - 28009. Determine d(7).
75
Let f(t) = 127*t**2 + 73*t - 82. Give f(1).
118
Let z(c) = -303270*c + 1213205. Calculate z(4).
125
Let r(v) = -11544*v - 357921. Give r(-31).
-57
Let r(t) = t**3 + 54*t**2 + 222*t - 65. Calculate r(-50).
-1165
Let s(l) = 2006*l + 302991. Give s(-151).
85
Let p(v) = -v**3 + 79*v**2 + 1750*v - 282. What is p(97)?
106
Let c(w) = 6*w**3 - 63*w**2 + 153*w - 1568. Determine c(10).
-338
Let s(d) = 1748652*d + 31475732. Give s(-18).
-4
Let y(w) = -77*w**2 - 544*w - 33. What is y(-7)?
2
Let p(a) = 583*a - 117775. Give p(202).
-9
Let r(x) = -31*x**2 - 456*x + 2468. What is r(5)?
-587
Let f(h) = -h**3 + 455*h**2 - 4011*h - 21. Determine f(9).
6
Let f(i) = 2*i**2 + 2749*i - 116045. Determine f(41).
26
Let u(b) = -493*b**2 + 520*b + 7. Calculate u(1).
34
Let d(q) = 309*q + 4059. Determine d(-22).
-2739
Let w(q) = -2127109*q - 17016871. What is w(-8)?
1
Let g(u) = -668*u - 12011. What is g(-18)?
13
Let i(m) = 21*m**2 - 1633*m - 6301. What is i(81)?
-793
Let z(a) = 34*a**2 + 5*a - 468. What is z(-4)?
56
Let g(p) = 32*p**2 - 4762*p + 3849. What is g(148)?
1
Let v(b) = -b**3 - 43*b**2 - 240*b - 279. Calculate v(-35).
-1679
Let c(m) = m**3 + 96*m**2 + 20*m + 11323. What is c(-97)?
-26
Let p(a) = 163760*a + 25. Give p(0).
25
Let i(f) = -6*f**2 + 400*f + 2449. Give i(-6).
-167
Let t(g) = -2*g**3 + 376*g**2 + 92*g - 87105. Give t(187).
37
Let v(k) = -597*k - 3802. Determine v(-7).
377
Let w(h) = -141*h + 4110. Give w(30).
-120
Let t(s) = s**2 + 242*s + 9646. Give t(-49).
189
Let d(a) = -2*a**2 - 2934*a + 20590. Give d(7).
-46
Let h(u) = u**3 - 14*u**2 - 42*u + 347. Determine h(15).
-58
Let o(h) = 4*h**3 - 373*h**2 - 5402*h - 435. Determine o(106).
-11
Let h(o) = 8255*o - 173333. What is h(21)?
22
Let r(t) = -t**2 + 1051*t - 105990. What is r(113)?
4
Let h(y) = -8*y**2 + 271*y - 3281. Give h(24).
-1385
Let h(b) = 41*b**3 + 218*b**2 - 210*b - 8. Determine h(1).
41
Let f(n) = n**3 - 54*n**2 - 295*n - 99. Give f(59).
-99
Let f(d) = -d**3 - 12*d**2 - 162*d - 1861. Give f(-13).
414
Let v(g) = 6*g**2 + 1354*g - 6774. Give v(5).
146
Let b(h) = h**3 + 167*h**2 + 168*h + 343. What is b(-166)?
11
Let v(p) = -12158*p**2 + 12225*p. Determine v(1).
67
Let s(n) = -4*n**3 - 147*n**2 + 70*n + 1217. Give s(-37).
-4
Let p(c) = -76859*c**2 - 1076025*c + 19. What is p(-14)?
5
Let g(d) = -3*d**2 - 53682*d - 590133. Calculate g(-11).
6
Let n(h) = -h**3 - 202*h**2 - 49*h - 9922. What is n(-202)?
-24
Let n(u) = u**3 + 4489*u**2 + 31375*u + 3. Determine n(-7).
-4
Let b(t) = -4*t**2 + 528*t + 8771. Determine b(-17).
-1361
Let u(p) = -165*p - 13674. Give u(-83).
21
Let j(l) = -l**3 + 3*l**2 - 237*l - 1460. Determine j(-6).
286
Let m(j) = -61*j**2 - 715*j - 1413. Determine m(-2).
-227
Let c(s) = 2585400*s + 36195596. Determine c(-14).
-4
Let k(v) = 2*v**2 - 24383*v + 1697018. What is k(70)?
8
Let r(v) = -6160*v - 49668. Calculate r(-8).
-388
Let w(f) = -120789*f + 6884975. Calculate w(57).
2
Let k(g) = -g**2 - 932*g - 216488. Calculate k(-440).
-8
Let f(w) = w**2 - 108*w - 576. Calculate f(-5).
-11
Let o(g) = 567*g + 288030. Determine o(-508).
-6
Let i(v) = 5*v**3 + 81*v**2 + 18*v + 26. What is i(-16)?
-6
Let a(v) = -61*v - 3541. Calculate a(-60).
119
Let z(b) = -173068*b + 346130. Give z(2).
-6
Let x(l) = -4278*l - 217623. Give x(-51).
555
Let h(o) = -112*o**2 - 89*o - 216. What is h(-2)?
-486
Let q(h) = -393*h - 347. Determine q(2).
-1133
Let q(l) = 2*l**3 - 2*l**2 + 3338*l + 6691. Give q(-2).
-9
Let j(i) = -53464*i - 106963. Give j(-2).
-35
Let o(k) = 264*k**2 + 20*k - 74. What is o(2)?
1022
Let u(x) = -3565*x + 6359. Give u(2).
-771
Let q(h) = -2*h**2 + 8*h + 34. Give q(-13).
-408
Let i(k) = -k**3 + 31*k**2 + 10155*k + 97446. What is i(-10)?
-4
Let o(u) = -719*u - 202261. What is o(-281)?
-222
Let z(b) = 9*b**3 + 50*b**2 + 182*b - 512. Give z(-6).
-1748
Let i(z) = -4*z**2 + 474*z - 2333. What is i(114)?
-281
Let g(p) = -235492*p - 2119429. What is g(-9)?
-1
Let s(z) = -4*z**3 - 18*z**2 + 16*z + 174. Calculate s(3).
-48
Let g(a) = 2*a**3 + 19*a**2 + 43*a + 132. What is g(-14)?
-2234
Let w(f) = -15520*f - 77542. What is w(-5)?
58
Let u(n) = -16*n**2 - 1894*n - 2506. Determine u(-117).
68
Let s(i) = -122*i + 7066. Give s(61).
-376
Let k(x) = 10*x**2 - 4011*x - 97539. Calculate k(-23).
4
Let w(m) = -161*m**2 + 17698*m + 1274. Calculate w(110).
-46
Let p(x) = -2*x**3 + 24*x**2 + 42*x - 363. Give p(15).
-1083
Let r(i) = 5*i**2 - 178*i - 447. Give r(38).
9
Let f(t) = -t**3 + 65*t**2 - 1054*t - 176. What is f(32)?
-112
Let u(w) = 5*w**2 + 2782*w - 48186. Determine u(-573).
-627
Let f(r) = 175782*r - 63633080. What is f(362)?
4
Let s(j) = -j**2 - 204782*j - 1023883. Calculate s(-5).
2
Let x(l) = 32*l**2 + 3772*l - 302. Give x(-118).
170
Let d(w) = -2111*w + 13380. Calculate d(7).
-1397
Let a(l) = 1692*l - 535. Determine a(0).
-535
Let x(f) = -f**3 + 10*f**2 + 40*f - 402. Determine x(11).
-83
Let y(q) = 505*q**2 - 23231*q + 37. Give y(46).
-9
Let s(p) = -2*p**3 + 915*p**2 + 2763*p + 91. What is s(-3)?
91
Let i(w) = -16*w**2 + 944*w - 11779. What is i(18)?
29
Let i(d) = 74*d + 442. What is i(-5)?
72
Let k(d) = -2*d**3 + 116*d**2 + 1012*d - 39424. Determine k(61).
-18
Let o(m) = -123784*m - 1856750. Give o(-15).
10
Let h(q) = q**3 - 48368*q**2 + 193449*q + 21. Calculate h(4).
-7
Let r(g) = -2*g**3 - 138*g**2 + 2144*g + 147904. Calculate r(-69).
-32
Let v(f) = -2*f**3 + 81*f**2 + 45*f - 111. Calculate v(41).
53
Let p(j) = 35*j**3 - 36748*j**2 - 2096*j - 4194. Determine p(1050).
6
Let t(h) = -2*h**2 + 206*h - 4400. Give t(75).
-200
Let n(l) = -20*l**2 - 475*l + 7879. Give n(-35).
4
Let z(u) = -46*u**2 + 1845*u - 172. Calculate z(40).
28
Let f(b) = -1895*b + 187840. Give f(99).
235
Let y(r) = -1479*r - 9005. What is y(-8)?
2827
Let j(z) = -27635*z + 2763496. Calculate j(100).
-4
Let c(t) = -8*t**3 + 2830*t**2 + 12148*t + 8586. Give c(358).
-6
Let z(